 + 9/2.
5
Let j(p) = -25*p - 4. List the prime factors of j(-5).
11
Let l(x) = -4*x**3 + x**2 - x + 1. List the prime factors of l(-2).
3, 13
Suppose -g - g = -220. What are the prime factors of g/8 + (-2)/(-8)?
2, 7
Let f(p) be the first derivative of 5*p**2/2 + 1. What are the prime factors of f(1)?
5
Let g = -501 - -836. What are the prime factors of g?
5, 67
What are the prime factors of -2 - (-104 + -3 + -3)?
2, 3
Let w be ((-30)/(-18))/(1/3). Suppose -5*i - v + 24 = 0, -25 = -w*i + 5*v + 5. List the prime factors of i.
5
Suppose 0 = -z - 6 + 19. Let w = z - 8. List the prime factors of w.
5
Suppose 0 = -3*p + 5*c + 13, -16 = -2*p - 5*c + 1. Suppose 5*z = -5*x + 140, -5*z = -p*x + 3*x - 100. List the prime factors of z.
23
Let v be (0 + 2)/((-1)/(-5)). Suppose -3*h + 11 = -v. Suppose 4*d - h*d = -24. List the prime factors of d.
2
Let m(v) be the first derivative of -v**4/4 + 2*v**3 + 5*v**2 - 4*v + 7. What are the prime factors of m(7)?
17
Suppose -4*v - 5*z + 7 + 2 = 0, -4*v + 5*z = -39. List the prime factors of v.
2, 3
Suppose -2*j + 8 = -0*j + 2*z, -2*z = 3*j - 10. What are the prime factors of j?
2
Suppose m - 12 = -5. What are the prime factors of m?
7
Suppose -v + 31 = -12. List the prime factors of v.
43
Suppose 3*x - 2*o - 672 = 0, 2*x - 2*o - 443 = o. List the prime factors of x.
2, 113
Let d(j) be the first derivative of -3/2*j**2 + 1/4*j**4 - j**3 + 3 + 5*j. List the prime factors of d(4).
3
Let l(r) = -6*r - 4. Let h be l(4). Let b = -17 - h. What are the prime factors of b?
11
Let g = -10 - -20. List the prime factors of g.
2, 5
Let i(w) = -w + 3. List the prime factors of i(-9).
2, 3
Suppose 4*m + 0*m = 3*c + 52, 18 = m - 2*c. List the prime factors of 4/3 - m/(-15).
2
Suppose 12 = 6*o - 4*o. Suppose -b + 2*w - 1 = 0, -4*b + 4*w + o - 2 = 0. List the prime factors of b.
3
Suppose 72 + 132 = 2*t. List the prime factors of t.
2, 3, 17
Let m = -37 - -60. What are the prime factors of m?
23
Suppose -145 = -4*a + 3. What are the prime factors of a?
37
Let f(d) = 23*d - 5. List the prime factors of f(7).
2, 3, 13
Suppose 2*o - 15 + 82 = -u, 5*u - 4*o + 349 = 0. Let t be (-4 + 0)*u/(-12). List the prime factors of t/(-7) + 2/(-7).
3
Suppose 4*j - 3*a + 15 = 0, -j = -5*a - 0 + 8. Let r be j/(2 + 1) - -1. Let z = r + 4. List the prime factors of z.
2
Let f(t) be the second derivative of -t**4/12 - 4*t**3/3 - 5*t**2 + 9*t. List the prime factors of f(-6).
2
Suppose 4*z - 146 = 2*z. Suppose -5*w - z = 17. List the prime factors of ((-6)/(-9))/((-4)/w).
3
Let o be 3/6 - 19/2. Let h = o - -63. List the prime factors of h.
2, 3
Suppose 0 = 3*m + 5*l + 22, -3*l + 0*l = 3*m + 12. Let f = 1 - m. List the prime factors of (f - -2)*22/4.
11
Let c(u) = -u**2 + 6*u - 3. Let q be c(5). Let t = -3 + q. List the prime factors of (1/(-3))/(t/21).
7
Suppose 0 = -0*v - 2*v - 8. Let m be (-21)/v + 4/(-16). List the prime factors of 1/m + (-88)/(-10).
3
Let x be 4/12 + (-2)/(-3). Let u be 27/(-3) + (1 - x). Let y = 13 + u. List the prime factors of y.
2
Let l(m) be the first derivative of m**3/6 + 2*m**2 - 2*m + 1. Let n(v) be the first derivative of l(v). List the prime factors of n(0).
2
Let m be (-9)/4*(0 - 8). What are the prime factors of m + 2 + 2 + -2?
2, 5
Suppose -5*k + 21 = -0*d + 3*d, 2*k - 4*d = 24. Suppose -4*r + k - 18 = 0. What are the prime factors of (-1)/(((-3)/(-7))/r)?
7
Let m be (-3)/2 + (-525)/(-14). What are the prime factors of (1/3)/(2/m)?
2, 3
Let g(h) be the third derivative of 1/24*h**4 + 0*h - 2/3*h**3 + 0 - 3*h**2. List the prime factors of g(10).
2, 3
Suppose 0 = -5*j + 4*i - 3*i + 796, 0 = 3*j + i - 484. List the prime factors of j.
2, 5
Let b = -173 + 261. Suppose 2*f - 4*f + 2*p = -36, 4*f + 4*p = b. List the prime factors of f.
2, 5
Let g = 6 + 0. Let f(n) = n - 9. Let o(k) = k - 9. Let p(z) = -7*f(z) + 6*o(z). What are the prime factors of p(g)?
3
Suppose 329 = 3*y - 1. List the prime factors of y.
2, 5, 11
Suppose i = -5*p + 8, i - 9 = -i - 3*p. Let t = i - 0. Let y(b) = -b**3 + 3*b**2 + 5*b - 2. List the prime factors of y(t).
13
Let m(l) = l**3 + 7*l**2 + 2*l - 11. List the prime factors of m(-6).
13
Suppose -d = -4*d - 12. Let m(f) = -f**3 - 4*f**2 - 6*f - 4. Let i be m(d). List the prime factors of 2/(-5) - (-208)/i.
2, 5
Suppose 4*c - 2*s - 18 = 0, 4*c + 2*s + 4 = 2. Suppose -c*l = 2*l - 96. What are the prime factors of l?
2, 3
Let z = 2 - 0. Let b(j) = j**2 - 5*j + 7. Let o be b(5). Suppose -2*s - o = -z*m + 7, -3*s = -m + 15. What are the prime factors of m?
3
Let i(q) = 3*q**3 - 2*q + 1. Let l be ((-2)/(-8))/(-1)*-4. Let t be i(l). Suppose -6 + t = -2*h. List the prime factors of h.
2
Let w(o) = -7*o**2 - 5*o + 2. Let k(a) = -10*a**2 - 7*a + 3. Let x(r) = -5*k(r) + 7*w(r). Let s be x(2). Let j = s - 0. What are the prime factors of j?
3
Suppose 3*f = f - 34. Let t = 31 + f. List the prime factors of t.
2, 7
Suppose 5*z - r = 43, 0*z = -z - 4*r + 17. Let b = z - -1. Suppose -3*s + 2*p + 39 = 0, 6*p = -2*s + 2*p + b. List the prime factors of s.
11
Let x = -6 + 4. What are the prime factors of 255/20 + x/(-8)?
13
What are the prime factors of (-1 + 3)/2 + -2 - -12?
11
Suppose -5*h + 5*y + 1980 = 0, y - 1058 = -3*h + 122. List the prime factors of h.
2, 197
Let j(a) = -5*a - 2. Let y be (-44)/10 - (-4)/10. Let v be j(y). Suppose 0 = 3*s + t + 2*t - v, 2*s + 4*t = 14. What are the prime factors of s?
5
Let c = 29 + -23. What are the prime factors of c?
2, 3
Suppose 0 = -s + r - 36, 0 = -4*s - 5*r - 90 - 45. Let l = -19 - s. List the prime factors of l.
2
Suppose 0 = c - 5 + 3. Suppose 0*v + 4*n = c*v - 40, -v + 4*n = -28. What are the prime factors of v?
2, 3
Suppose -4*l - 2*x = -40, 4*l - 53 + 13 = -3*x. List the prime factors of l.
2, 5
Let q be ((-8)/10)/((-1)/15). Let s be (45/(-6))/(3/q). What are the prime factors of (8/6)/((-4)/s)?
2, 5
Let w(x) = 3*x**2 - 3. List the prime factors of w(-3).
2, 3
Let r = 4 + 0. Suppose -r*h + 54 = -h. List the prime factors of h.
2, 3
Suppose 5*n = 25 - 5. Suppose n = 4*z - 8. Suppose m - 44 = -z*m + d, m + 10 = -5*d. What are the prime factors of m?
2, 5
Let g be ((-6)/(-4))/((-3)/(-8)). Suppose -9 - 23 = -g*m + 5*u, 5*u = 0. List the prime factors of m.
2
Let a(g) = -27*g - 12. What are the prime factors of a(-4)?
2, 3
List the prime factors of (-8*4/(-32))/(1/222).
2, 3, 37
Let j be -54*(3/6 - 0). What are the prime factors of (j/(-4))/((-1)/(-4))?
3
Let w = 94 - -128. List the prime factors of w.
2, 3, 37
Let l be (-1 - 5)*1/(-2). Suppose -f = -l*f + 22. What are the prime factors of f?
11
Let k = 75 + -164. Let h = k + 132. What are the prime factors of h?
43
Let s(x) = -x**2 + 7*x + 5. Suppose -4*i - 5*v + 0 + 33 = 0, 2*v = 2. What are the prime factors of s(i)?
5
Let j(f) = -f + 1. Let m be j(-3). Let g be -26*(-3 + (-3 - -5)). Suppose 2*v - 37 = -h + m*h, -v = -4*h - g. List the prime factors of v.
2, 7
Let j(z) = -3*z + 4. Let a(w) = 8*w - 11. Let i(x) = 4*a(x) + 11*j(x). List the prime factors of i(-17).
17
Suppose -3*l - 24 = -5*a + 4*a, -5*a + 4*l = -76. Suppose -2*c - a = -0*c. Let f = c - -11. What are the prime factors of f?
5
Suppose 0 = -4*n - 116 + 40. Let q = -9 - n. Suppose 4*s - 2*s = q. What are the prime factors of s?
5
Let t(g) = -g**2 + 8*g + 6. Let d be t(9). List the prime factors of -2 - (-6)/d*-5.
2
Suppose a - 4*a = -2*x + 249, -5*a - 493 = -4*x. List the prime factors of x.
3, 13
Suppose -3*l = -l - 38. Let g = l - 5. List the prime factors of 270/g + 20/(-70).
19
Let n = 51 - 85. Let l = 56 + n. List the prime factors of l.
2, 11
Let h(j) = -j + 1. Let o(w) = 2*w - 1. Let q(f) = -2*h(f) - 3*o(f). What are the prime factors of q(-11)?
3, 5
Suppose -4*x = -8*x + 184. List the prime factors of x.
2, 23
Let o = -107 + 217. Let k be (3/(-2))/((-6)/16). Suppose f + k*f = o. What are the prime factors of f?
2, 11
Let n = 97 - 64. List the prime factors of n.
3, 11
Let h = 32 + -19. List the prime factors of h.
13
Let g = -1 + 3. Suppose -2*b - g*b = -12. List the prime factors of b.
3
Suppose -11*r + 21 = -1706. List the prime factors of r.
157
Let r(m) = 9*m**2 - m - 9. List the prime factors of r(6).
3, 103
Suppose -3*j + 4*j = 31. What are the prime factors of j?
31
Let d be 2*-6*(-2)/8. Let o(i) be the first derivative of 2*i**3/3 - i*